

{"id":5494,"date":"2021-06-30T10:47:40","date_gmt":"2021-06-30T08:47:40","guid":{"rendered":"https:\/\/Peter.hegman.nl\/?page_id=5494"},"modified":"2023-05-27T08:38:08","modified_gmt":"2023-05-27T06:38:08","slug":"samenvatting-haarlem-sicilie-2021","status":"publish","type":"page","link":"https:\/\/Peter.hegman.nl\/?page_id=5494","title":{"rendered":"Samenvatting Haarlem \u2013 Sicili\u00eb (2021)"},"content":{"rendered":"<p>Fietsvakantie van Haarlem naar Sicili\u00eb, een tour door Nederland, Duitsland, Oostenrijk, via de westkust van Itali\u00eb. Gefietst in de period van 10 juli t\/m 6 augustus 2021<\/p><ul class=\"lcp_catlist\" id=\"lcp_instance_0\"><li><a href=\"https:\/\/Peter.hegman.nl\/?p=5512\">De Route<\/a> (15)  4 juli 2021<\/li><li><a href=\"https:\/\/Peter.hegman.nl\/?p=5541\">Dag 1 : Haarlem &#8211; Xanten<\/a> (10)  10 juli 2021<\/li><li><a href=\"https:\/\/Peter.hegman.nl\/?p=5557\">Dag 2 : Xanten &#8211; Koln-Rodenkirchen<\/a> (2)  11 juli 2021<\/li><li><a href=\"https:\/\/Peter.hegman.nl\/?p=5577\">Dag 3 : Koln-Rodenkirchen &#8211; Bingen am Rhein<\/a> (6)  12 juli 2021<\/li><li><a href=\"https:\/\/Peter.hegman.nl\/?p=5596\">Dag 4 : Bingen am Rhein &#8211; Bad Sch\u00f6nborn<\/a> (4)  13 juli 2021<\/li><li><a href=\"https:\/\/Peter.hegman.nl\/?p=5622\">Dag 5 : Bad Sch\u00f6nborn &#8211; Melchingen<\/a> (4)  14 juli 2021<\/li><li><a href=\"https:\/\/Peter.hegman.nl\/?p=5647\">Dag 6 : Melchingen &#8211; Hohenems<\/a> (4)  15 juli 2021<\/li><li><a href=\"https:\/\/Peter.hegman.nl\/?p=5670\">Dag 7 : Hohenems &#8211; Urgen<\/a> (4)  16 juli 2021<\/li><li><a href=\"https:\/\/Peter.hegman.nl\/?p=5694\">Dag 8 : Urgen &#8211; Rabland<\/a> (4)  17 juli 2021<\/li><li><a href=\"https:\/\/Peter.hegman.nl\/?p=5716\">Dag 9 : Rabland &#8211; Malcesine<\/a> (7)  18 juli 2021<\/li><li><a href=\"https:\/\/Peter.hegman.nl\/?p=5733\">Dag 10 : Malcesine &#8211; Boretto<\/a> (2)  19 juli 2021<\/li><li><a href=\"https:\/\/Peter.hegman.nl\/?p=5763\">Dag 11 :   Boretto &#8211; Tavernelle<\/a> (8)  20 juli 2021<\/li><li><a href=\"https:\/\/Peter.hegman.nl\/?p=5788\">Dag 12 : Tavernelle &#8211; Livorno<\/a> (6)  21 juli 2021<\/li><li><a href=\"https:\/\/Peter.hegman.nl\/?p=5812\">Dag 13 : Livorno &#8211; Marina di Grosetto<\/a> (2)  22 juli 2021<\/li><li><a href=\"https:\/\/Peter.hegman.nl\/?p=5836\">Dag 14 : Marina di Grosetto &#8211; Ladispoli<\/a> (0)  23 juli 2021<\/li><li><a href=\"https:\/\/Peter.hegman.nl\/?p=5862\">Dag 15 : Dagje Rome<\/a> (0)  24 juli 2021<\/li><li><a href=\"https:\/\/Peter.hegman.nl\/?p=5890\">Dag 16 : Rome &#8211; San Donato<\/a> (2)  25 juli 2021<\/li><li><a href=\"https:\/\/Peter.hegman.nl\/?p=5904\">Dag 17 : San Donato &#8211; Lago di Patria<\/a> (4)  26 juli 2021<\/li><li><a href=\"https:\/\/Peter.hegman.nl\/?p=5929\">Dag 18 : Lago di Patria &#8211; Napels\/Pompeii<\/a> (4)  27 juli 2021<\/li><li><a href=\"https:\/\/Peter.hegman.nl\/?p=5963\">Dag 19 : Castellammare di Stabia &#8211; Agropoli<\/a> (0)  28 juli 2021<\/li><li><a href=\"https:\/\/Peter.hegman.nl\/?p=5986\">Dag 20 : Agropoli &#8211; Sapri<\/a> (2)  29 juli 2021<\/li><li><a href=\"https:\/\/Peter.hegman.nl\/?p=6006\">Dag 21 : Sapri &#8211; San Lucido<\/a> (4)  30 juli 2021<\/li><li><a href=\"https:\/\/Peter.hegman.nl\/?p=6024\">Dag 22 : San Lucido &#8211; Parghelia<\/a> (2)  31 juli 2021<\/li><li><a href=\"https:\/\/Peter.hegman.nl\/?p=6041\">Dag 23 : Parghelia &#8211; Paparone<\/a> (6)  1 augustus 2021<\/li><li><a href=\"https:\/\/Peter.hegman.nl\/?p=6057\">Dag 24 : Paparone &#8211; Fiumefreddo (Sicili\u00eb)<\/a> (10)  2 augustus 2021<\/li><li><a href=\"https:\/\/Peter.hegman.nl\/?p=6082\">Ten slotte<\/a> (10)  6 augustus 2021<\/li><\/ul>\n\n\n<div class=\"gm-map\" style=\"position: relative;height: 200px; width: 200px;\"><iframe name=\"gm-map-1\" allowfullscreen src=\"https:\/\/Peter.hegman.nl\/?geo_mashup_content=render-map&amp;map_data_key=bc8bb72ba53e0165eae64f074f9ab803&amp;map_cat=20&amp;name=gm-map-1&amp;map_content=contextual&amp;error_comment=&lt;!-- Geo Mashup vond geen objecten om in kaart te brengen binnen deze context.--&gt;\" style=\"position: absolute; top: 0; left: 0; width: 100%; height: 100%; border: none; overflow: hidden;\"><\/iframe><\/div>\n\n\n<h2 id=\"tablepress-23-name\" class=\"tablepress-table-name tablepress-table-name-id-23\">Haarlem \u2013 Sicili\u00eb (2021)<\/h2>\n\n<table id=\"tablepress-23\" class=\"tablepress tablepress-id-23\" aria-labelledby=\"tablepress-23-name\">\n<thead>\n<tr class=\"row-1\">\n\t<th class=\"column-1\">Rit<\/th><th class=\"column-2\">Afstand<\/th><th class=\"column-3\">Bewogen<br \/>\nTijd HH:MM<\/th><th class=\"column-4\">Gem.<br \/>\nSnelheid<\/th><th class=\"column-5\">Max.<br \/>\nSnelheid<\/th><th class=\"column-6\">Hoogte<br \/>\nMeters<\/th><th class=\"column-7\">Gem.<br \/>\nTemp.<\/th><th class=\"column-8\">Max.<br \/>\nTemp.<\/th>\n<\/tr>\n<\/thead>\n<tbody class=\"row-striping row-hover\">\n<tr class=\"row-2\">\n\t<td class=\"column-1\"><a href=\"http:\/\/Peter.hegman.nl\/?p=5541\">Dag 1 : Haarlem \u2013 Xanten<\/a><\/td><td class=\"column-2\">186<\/td><td class=\"column-3\"><a href=\"https:\/\/connect.garmin.com\/modern\/activity\/7102268577\" target=\"_blank\" rel=\"n noreferrer noopener\">7:53<\/a><\/td><td class=\"column-4\">23,5<\/td><td class=\"column-5\">35,7<\/td><td class=\"column-6\">146<\/td><td class=\"column-7\">23<\/td><td class=\"column-8\">35<\/td>\n<\/tr>\n<tr class=\"row-3\">\n\t<td class=\"column-1\"><a href=\"http:\/\/Peter.hegman.nl\/?p=5557\">Dag 2 : Xanten \u2013 Koln-Rodenkirchen<\/a><\/td><td class=\"column-2\">142<\/td><td class=\"column-3\"><a href=\"https:\/\/connect.garmin.com\/modern\/activity\/7107886664\" target=\"_blank\" rel=\"n noreferrer noopener\">6:42<\/a><\/td><td class=\"column-4\">21,1<\/td><td class=\"column-5\">33,1<\/td><td class=\"column-6\">167<\/td><td class=\"column-7\">21<\/td><td class=\"column-8\">35<\/td>\n<\/tr>\n<tr class=\"row-4\">\n\t<td class=\"column-1\"><a href=\"http:\/\/Peter.hegman.nl\/?p=5577\">Dag 3 : Koln-Rodenkirchen \u2013 Bingen am Rhein<\/a><\/td><td class=\"column-2\">166<\/td><td class=\"column-3\"><a href=\"https:\/\/connect.garmin.com\/modern\/activity\/7113427010\" target=\"_blank\" rel=\"n noreferrer noopener\">7:51<\/a><\/td><td class=\"column-4\">21,1<\/td><td class=\"column-5\">32,5<\/td><td class=\"column-6\">378<\/td><td class=\"column-7\">23<\/td><td class=\"column-8\">29<\/td>\n<\/tr>\n<tr class=\"row-5\">\n\t<td class=\"column-1\"><a href=\"http:\/\/Peter.hegman.nl\/?p=5596\">Dag 4 : Bingen am Rhein - Bad Sch\u00f6nborn<\/a><\/td><td class=\"column-2\">172<\/td><td class=\"column-3\"><a href=\"https:\/\/connect.garmin.com\/modern\/activity\/7119601269\" target=\"_blank\" rel=\"n noreferrer noopener\">8:47<\/a><\/td><td class=\"column-4\">19,6<\/td><td class=\"column-5\">37,3<\/td><td class=\"column-6\">349<\/td><td class=\"column-7\">19<\/td><td class=\"column-8\">25<\/td>\n<\/tr>\n<tr class=\"row-6\">\n\t<td class=\"column-1\"><a href=\"http:\/\/Peter.hegman.nl\/?p=5622\">Dag 5 : Bad Sch\u00f6nborn - Melchingen<\/a><\/td><td class=\"column-2\">153<\/td><td class=\"column-3\"><a href=\"https:\/\/connect.garmin.com\/modern\/activity\/7125216614\" target=\"_blank\" rel=\"n noreferrer noopener\">8:56<\/a><\/td><td class=\"column-4\">17,0<\/td><td class=\"column-5\">41,1<\/td><td class=\"column-6\">1467<\/td><td class=\"column-7\">20<\/td><td class=\"column-8\">33<\/td>\n<\/tr>\n<tr class=\"row-7\">\n\t<td class=\"column-1\"><a href=\"http:\/\/Peter.hegman.nl\/?p=5647\">Dag 6 : Melchingen \u2013 Hohenems<\/a><\/td><td class=\"column-2\">178<\/td><td class=\"column-3\"><a href=\"https:\/\/connect.garmin.com\/modern\/activity\/7130710121\" target=\"_blank\" rel=\"n noreferrer noopener\">9:24<\/a><\/td><td class=\"column-4\">19,0<\/td><td class=\"column-5\">47,8<\/td><td class=\"column-6\">1049<\/td><td class=\"column-7\">16<\/td><td class=\"column-8\">20<\/td>\n<\/tr>\n<tr class=\"row-8\">\n\t<td class=\"column-1\"><a href=\"http:\/\/Peter.hegman.nl\/?p=5670\">Dag 7 : Hohenems - Urgen<\/a><\/td><td class=\"column-2\">121<\/td><td class=\"column-3\"><a href=\"https:\/\/connect.garmin.com\/modern\/activity\/7135824911\" target=\"_blank\" rel=\"n noreferrer noopener\">7:10<\/a><\/td><td class=\"column-4\">16,8<\/td><td class=\"column-5\">50,0<\/td><td class=\"column-6\">1575<\/td><td class=\"column-7\">20<\/td><td class=\"column-8\">33<\/td>\n<\/tr>\n<tr class=\"row-9\">\n\t<td class=\"column-1\"><a href=\"http:\/\/Peter.hegman.nl\/?p=5694\">Dag 8 : Urgen - Rabland<\/a><\/td><td class=\"column-2\">127<\/td><td class=\"column-3\"><a href=\"https:\/\/connect.garmin.com\/modern\/activity\/7141198015\" target=\"_blank\" rel=\"n noreferrer noopener\">6:45<\/a><\/td><td class=\"column-4\">18,8<\/td><td class=\"column-5\">50,3<\/td><td class=\"column-6\">1297<\/td><td class=\"column-7\">21<\/td><td class=\"column-8\">29<\/td>\n<\/tr>\n<tr class=\"row-10\">\n\t<td class=\"column-1\"><a href=\"http:\/\/Peter.hegman.nl\/?p=5716\">Dag 9 : Rabland - Malcesine<\/a><\/td><td class=\"column-2\">153<\/td><td class=\"column-3\"><a href=\"https:\/\/connect.garmin.com\/modern\/activity\/7147845186\" target=\"_blank\" rel=\"n noreferrer noopener\">6:55<\/a><\/td><td class=\"column-4\">22,0<\/td><td class=\"column-5\">39,3<\/td><td class=\"column-6\">266<\/td><td class=\"column-7\">28<\/td><td class=\"column-8\">36<\/td>\n<\/tr>\n<tr class=\"row-11\">\n\t<td class=\"column-1\"><a href=\"http:\/\/Peter.hegman.nl\/?p=5733\">Dag 10 : Malcesine \u2013 Boretto<\/a><\/td><td class=\"column-2\">152<\/td><td class=\"column-3\"><a href=\"https:\/\/connect.garmin.com\/modern\/activity\/7152284821\" target=\"_blank\" rel=\"n noreferrer noopener\">7:02<\/a><\/td><td class=\"column-4\">21,6<\/td><td class=\"column-5\">40,4<\/td><td class=\"column-6\">276<\/td><td class=\"column-7\">35<\/td><td class=\"column-8\">45<\/td>\n<\/tr>\n<tr class=\"row-12\">\n\t<td class=\"column-1\"><a href=\"http:\/\/Peter.hegman.nl\/?p=5763\">Dag 11 : Boretto \u2013 Tavernelle<\/a><\/td><td class=\"column-2\">116<\/td><td class=\"column-3\"><a href=\"https:\/\/connect.garmin.com\/modern\/activity\/7158797546\" target=\"_blank\" rel=\"n noreferrer noopener\">7:41<\/a><\/td><td class=\"column-4\">15,1<\/td><td class=\"column-5\">42,6<\/td><td class=\"column-6\">1740<\/td><td class=\"column-7\">32<\/td><td class=\"column-8\">44<\/td>\n<\/tr>\n<tr class=\"row-13\">\n\t<td class=\"column-1\"><a href=\"http:\/\/Peter.hegman.nl\/?p=5788\">Dag 12 : Tavernelle \u2013 Livorno<\/a><\/td><td class=\"column-2\">161<\/td><td class=\"column-3\"><a href=\"https:\/\/connect.garmin.com\/modern\/activity\/7164891364\" target=\"_blank\" rel=\"n noreferrer noopener\">7:51<\/a><\/td><td class=\"column-4\">20,5<\/td><td class=\"column-5\">41,3<\/td><td class=\"column-6\">327<\/td><td class=\"column-7\">32<\/td><td class=\"column-8\">41<\/td>\n<\/tr>\n<tr class=\"row-14\">\n\t<td class=\"column-1\"><a href=\"http:\/\/Peter.hegman.nl\/?p=5812\">Dag 13 : Livorno - Marina di Grosetto<\/a><\/td><td class=\"column-2\">129<\/td><td class=\"column-3\"><a href=\"https:\/\/connect.garmin.com\/modern\/activity\/7170024287\" target=\"_blank\" rel=\"n noreferrer noopener\">6:08<\/a><\/td><td class=\"column-4\">22,0<\/td><td class=\"column-5\">53,3<\/td><td class=\"column-6\">397<\/td><td class=\"column-7\">33<\/td><td class=\"column-8\">43<\/td>\n<\/tr>\n<tr class=\"row-15\">\n\t<td class=\"column-1\"><a href=\"http:\/\/Peter.hegman.nl\/?p=5836\">Dag 14 : Marina di Grosetto - Ladispoli<\/a><\/td><td class=\"column-2\">168<\/td><td class=\"column-3\"><a href=\"https:\/\/connect.garmin.com\/modern\/activity\/7176517660\" target=\"_blank\" rel=\"n noreferrer noopener\">8:42<\/a><\/td><td class=\"column-4\">18,9<\/td><td class=\"column-5\">47,1<\/td><td class=\"column-6\">1288<\/td><td class=\"column-7\">34<\/td><td class=\"column-8\">46<\/td>\n<\/tr>\n<tr class=\"row-16\">\n\t<td class=\"column-1\"><a href=\"http:\/\/Peter.hegman.nl\/?p=5862\">Dag 15 : Dagje Rome<\/a><\/td><td class=\"column-2\">59<\/td><td class=\"column-3\"><a href=\"https:\/\/connect.garmin.com\/modern\/activity\/7181682900\" target=\"_blank\" rel=\"n noreferrer noopener\">4:00<\/a><\/td><td class=\"column-4\">14,7<\/td><td class=\"column-5\">40,7<\/td><td class=\"column-6\">309<\/td><td class=\"column-7\">34<\/td><td class=\"column-8\">45<\/td>\n<\/tr>\n<tr class=\"row-17\">\n\t<td class=\"column-1\"><a href=\"http:\/\/Peter.hegman.nl\/?p=5890\">Dag 16 : Rome - San Donato<\/a><\/td><td class=\"column-2\">110<\/td><td class=\"column-3\"><a href=\"https:\/\/connect.garmin.com\/modern\/activity\/7187778545\" target=\"_blank\" rel=\"n noreferrer noopener\">6:03<\/a> <\/td><td class=\"column-4\">18,1<\/td><td class=\"column-5\">43,5<\/td><td class=\"column-6\">497<\/td><td class=\"column-7\">29<\/td><td class=\"column-8\">35<\/td>\n<\/tr>\n<tr class=\"row-18\">\n\t<td class=\"column-1\"><a href=\"http:\/\/Peter.hegman.nl\/?p=5904\">Dag 17 : San Donato - Lago di Patria<\/a><\/td><td class=\"column-2\">140<\/td><td class=\"column-3\"><a href=\"https:\/\/connect.garmin.com\/modern\/activity\/7193016410\" target=\"_blank\" rel=\"n noreferrer noopener\">6:37<\/a> <\/td><td class=\"column-4\">21,2<\/td><td class=\"column-5\">44,6<\/td><td class=\"column-6\">360<\/td><td class=\"column-7\">35<\/td><td class=\"column-8\">44<\/td>\n<\/tr>\n<tr class=\"row-19\">\n\t<td class=\"column-1\"><a href=\"http:\/\/Peter.hegman.nl\/?p=5929\">Dag 18 : Lago di Patria - Napels\/Pompeii<\/a><\/td><td class=\"column-2\">82<\/td><td class=\"column-3\"><a href=\"https:\/\/connect.garmin.com\/modern\/activity\/7199250099\" target=\"_blank\" rel=\"n noreferrer noopener\">5:45<\/a> <\/td><td class=\"column-4\">14,3<\/td><td class=\"column-5\">37,6<\/td><td class=\"column-6\">607<\/td><td class=\"column-7\">36<\/td><td class=\"column-8\">42<\/td>\n<\/tr>\n<tr class=\"row-20\">\n\t<td class=\"column-1\"><a href=\"http:\/\/Peter.hegman.nl\/?p=5963\">Dag 19 : Castellammare di Stabia - Agropoli<\/a><\/td><td class=\"column-2\">114<\/td><td class=\"column-3\"><a href=\"https:\/\/connect.garmin.com\/modern\/activity\/7204525195\" target=\"_blank\" rel=\"n noreferrer noopener\">6:38<\/a> <\/td><td class=\"column-4\">17,1<\/td><td class=\"column-5\">41,4<\/td><td class=\"column-6\">1004<\/td><td class=\"column-7\">36<\/td><td class=\"column-8\">44<\/td>\n<\/tr>\n<tr class=\"row-21\">\n\t<td class=\"column-1\"><a href=\"http:\/\/Peter.hegman.nl\/?p=5986\">Dag 20 : Agropoli - Sapri<\/a><\/td><td class=\"column-2\">123<\/td><td class=\"column-3\"><a href=\"https:\/\/connect.garmin.com\/modern\/activity\/7210969747\" target=\"_blank\" rel=\"n noreferrer noopener\">7:33<\/a> <\/td><td class=\"column-4\">16,3<\/td><td class=\"column-5\">42,2<\/td><td class=\"column-6\">1649<\/td><td class=\"column-7\">35<\/td><td class=\"column-8\">46<\/td>\n<\/tr>\n<tr class=\"row-22\">\n\t<td class=\"column-1\"><a href=\"http:\/\/Peter.hegman.nl\/?p=6006\">Dag 21 : Sapri - San Lucido<\/a><\/td><td class=\"column-2\">113<\/td><td class=\"column-3\"><a href=\"https:\/\/connect.garmin.com\/modern\/activity\/7215964056\" target=\"_blank\" rel=\"n noreferrer noopener\">6:04<\/a> <\/td><td class=\"column-4\">18,5<\/td><td class=\"column-5\">41,5<\/td><td class=\"column-6\">1065<\/td><td class=\"column-7\">38<\/td><td class=\"column-8\">46<\/td>\n<\/tr>\n<tr class=\"row-23\">\n\t<td class=\"column-1\"><a href=\"http:\/\/Peter.hegman.nl\/?p=6024\">Dag 22 : San Lucido - Parghelia<\/a><\/td><td class=\"column-2\">106<\/td><td class=\"column-3\"><a href=\"https:\/\/connect.garmin.com\/modern\/activity\/7222091650\" target=\"_blank\" rel=\"n noreferrer noopener\">5:06<\/a> <\/td><td class=\"column-4\">20,7<\/td><td class=\"column-5\">43,9<\/td><td class=\"column-6\">450<\/td><td class=\"column-7\">36<\/td><td class=\"column-8\">44<\/td>\n<\/tr>\n<tr class=\"row-24\">\n\t<td class=\"column-1\"><a href=\"http:\/\/Peter.hegman.nl\/?p=6041\">Dag 23 : Parghelia - Paparone<\/a><\/td><td class=\"column-2\">67<\/td><td class=\"column-3\"><a href=\"https:\/\/connect.garmin.com\/modern\/activity\/7226777829\" target=\"_blank\" rel=\"n noreferrer noopener\">4:47<\/a> <\/td><td class=\"column-4\">13,9<\/td><td class=\"column-5\">44,3<\/td><td class=\"column-6\">1347<\/td><td class=\"column-7\">38<\/td><td class=\"column-8\">50<\/td>\n<\/tr>\n<tr class=\"row-25\">\n\t<td class=\"column-1\"><a href=\"http:\/\/Peter.hegman.nl\/?p=6057\">Dag 24 : Paparone - Fiumefreddo (Sicili\u00eb)<\/a><\/td><td class=\"column-2\">99<\/td><td class=\"column-3\"><a href=\"https:\/\/connect.garmin.com\/modern\/activity\/7232471755\" target=\"_blank\" rel=\"n noreferrer noopener\">5:03<\/a> <\/td><td class=\"column-4\">19,6<\/td><td class=\"column-5\">44,5<\/td><td class=\"column-6\">537<\/td><td class=\"column-7\">36<\/td><td class=\"column-8\">46<\/td>\n<\/tr>\n<tr class=\"row-26\">\n\t<td class=\"column-1\"><a href=\"http:\/\/Peter.hegman.nl\/?p=6082\">Ten slotte<\/a><\/td><td class=\"column-2\">69<\/td><td class=\"column-3\"><\/td><td class=\"column-4\"><\/td><td class=\"column-5\"><\/td><td class=\"column-6\">509<\/td><td class=\"column-7\"><\/td><td class=\"column-8\"><\/td>\n<\/tr>\n<\/tbody>\n<tfoot>\n<tr class=\"row-27\">\n\t<th class=\"column-1\">Totaal<\/th><th class=\"column-2\">3206<\/th><th class=\"column-3\">6:54<\/th><th class=\"column-4\">18,8<\/th><th class=\"column-5\">53,3<\/th><th class=\"column-6\">19056<\/th><th class=\"column-7\">29,6<\/th><th class=\"column-8\">50<\/th>\n<\/tr>\n<\/tfoot>\n<\/table>\n<!-- #tablepress-23 from cache -->\n\n\n\n<h3 class=\"wp-block-heading\">De gefietste&nbsp;route:<\/h3>\n\n\n\n\n\n\t\t\t\t<div id=\"map_ol3js_1\" class=\"map undefined\" data-map_name=\"undefined\" data-map=\"map_ol3js_1\" style=\"width:100%; max-width:100%; height:450px; display:block; overflow:hidden;border:2px solid grey;\" >\n\t\t\t\t  <div id=\"map_ol3js_1_popup\" class=\"ol-popup\" >\n\t\t\t\t\t<a href=\"#\" id=\"map_ol3js_1_popup-closer\" class=\"ol-popup-closer\"><\/a>\n\t\t\t\t\t<div id=\"map_ol3js_1_popup-content\" ><\/div>\n\t\t\t\t  <\/div>\n\t\t\t\t<\/div>\n\t\t\t\n\n\t\t\t\t<script type=\"text\/javascript\">\n\t\t\t\t\ttranslations['openlayer'] = \"open layer\";\n\t\t\t\t\ttranslations['openlayerAtStartup'] = \"open layer at startup\";\n\t\t\t\t\ttranslations['generateLink'] = \"link to this map with opened layers\";\n\t\t\t\t\ttranslations['shortDescription'] = \"short description\";\n\t\t\t\t\ttranslations['generatedShortCode'] = \"to get a text control link paste this code in your wordpress editor\";\n\t\t\t\t\ttranslations['closeLayer'] = \"close layer\";\n\t\t\t\t\ttranslations['cantGenerateLink'] = \"put this string in the existing map short code to control this map\";\n\t\t\t  <\/script>\n\n\n\t\t\t  <script type=\"text\/javascript\">\n\t\t\t  vectorM['map_ol3js_1'] = [];\n\t        \n        var raster = getTileLayer(\"osm\",\"NoKey\");\t\t\t\n\n\t\t\t  var map_ol3js_1 = new ol.Map({\n\t\t\t\tinteractions: ol.interaction.defaults.defaults({mouseWheelZoom:false}),\n\t\t\t\tlayers: [raster],\n\t\t\t\ttarget: \"map_ol3js_1\",\n\t\t\t\tview: new ol.View({\n\t\t\t\t  center: ol.proj.transform([6.378,58.213], \"EPSG:4326\", \"EPSG:3857\"),\n\t\t\t\t  zoom: 9\n\t\t\t\t})\n\t\t\t  });\n\t\t\t  \n    var style0 = {\n      \"Point\": [new ol.style.Style({\n\n          image: new ol.style.Icon({\n            anchor: [0.5, 41],\n            anchorXUnits: \"fraction\",\n            anchorYUnits: \"pixels\",\n            opacity: 0.75,\n            src: \"https:\/\/Peter.hegman.nl\/wordpress\/wp-content\/plugins\/osm\/icons\/mic_blue_pinother_02.png\"\n          })\n      })],\n\n      \"LineString\": [new ol.style.Style({\n        stroke: new ol.style.Stroke({\n          color: \"blue\",\n          width: 8\n        })\n      })],\n      \"MultiLineString\": [new ol.style.Style({\n        stroke: new ol.style.Stroke({\n          color: \"blue\",\n          width: 4\n        })\n      })]\n    };\n\t\t  var vectorL0 = new ol.layer.Vector({\n\t\t\t\tsource: new ol.source.Vector({\n\t\t\t\turl:\"https:\/\/Peter.hegman.nl\/wordpress\/wp-content\/uploads\/gpx\/2021 - Haarlem - Sicilie.gpx\",\n\t\t\t\tformat: new ol.format.GPX({\n\t\t\t\t\textractStyles: false\n\t\t\t\t})\n\t\t\t}),\n\t\t\tzIndex: 92,\n\t\t\tstyle: function(feature, resolution) {return style0[feature.getGeometry().getType()];}\n\t\t  });\n\t\t  map_ol3js_1.addLayer(vectorL0);\n      var extension1 = ol.extent.createEmpty();\n      var curZoom1 = map_ol3js_1.getView().getZoom();\n\n      map_ol3js_1.getLayers().forEach(function(layer){\n         if(!layer.get(\"id\")) {     \n            layer.once(\"change\", function(e){\n               ol.extent.extend(extension1, (layer.getSource().getExtent()));\n               map_ol3js_1.getView().fit(extension1, {padding: [50, 50, 50, 50]});\n            });\n         }\n      });\n\n    \naddControls2Map(map_ol3js_1,0,0,3,0,5,6,7,1,1);\nosm_addPopupClickhandler(map_ol3js_1,  \"map_ol3js_1\"); \nosm_addMouseHover(map_ol3js_1); <\/script>\n","protected":false},"excerpt":{"rendered":"<p>De afgelopen 3 dagen in Fiumefreddo kwam het nog wel even in mijn gedachte op om de Etna op te fietsen maar die 2500 meter waren toch wat teveel van het goede dus het werd een combinatie van strand en zwembad. Op het strand was het prima vertoeven. Het zeewater had een prima temperatuur en ik had een ligbed met een parasol.<br \/>\nWat opviel was dat in het hele omgeving een laagje zwarte as lag. Na wat zoeken vond ik &hellip;<\/p>","protected":false},"author":1,"featured_media":0,"parent":0,"menu_order":0,"comment_status":"closed","ping_status":"closed","template":"","meta":{"jetpack_post_was_ever_published":false,"footnotes":""},"class_list":["post-5494","page","type-page","status-publish","hentry"],"jetpack_sharing_enabled":true,"jetpack_likes_enabled":false,"_links":{"self":[{"href":"https:\/\/Peter.hegman.nl\/index.php?rest_route=\/wp\/v2\/pages\/5494","targetHints":{"allow":["GET"]}}],"collection":[{"href":"https:\/\/Peter.hegman.nl\/index.php?rest_route=\/wp\/v2\/pages"}],"about":[{"href":"https:\/\/Peter.hegman.nl\/index.php?rest_route=\/wp\/v2\/types\/page"}],"author":[{"embeddable":true,"href":"https:\/\/Peter.hegman.nl\/index.php?rest_route=\/wp\/v2\/users\/1"}],"replies":[{"embeddable":true,"href":"https:\/\/Peter.hegman.nl\/index.php?rest_route=%2Fwp%2Fv2%2Fcomments&post=5494"}],"version-history":[{"count":10,"href":"https:\/\/Peter.hegman.nl\/index.php?rest_route=\/wp\/v2\/pages\/5494\/revisions"}],"predecessor-version":[{"id":8009,"href":"https:\/\/Peter.hegman.nl\/index.php?rest_route=\/wp\/v2\/pages\/5494\/revisions\/8009"}],"wp:attachment":[{"href":"https:\/\/Peter.hegman.nl\/index.php?rest_route=%2Fwp%2Fv2%2Fmedia&parent=5494"}],"curies":[{"name":"wp","href":"https:\/\/api.w.org\/{rel}","templated":true}]}}