

{"id":4192,"date":"2019-05-31T20:43:16","date_gmt":"2019-05-31T18:43:16","guid":{"rendered":"http:\/\/Peter.hegman.nl\/?page_id=4192"},"modified":"2023-05-27T08:24:32","modified_gmt":"2023-05-27T06:24:32","slug":"samenvatting-haarlem-corfu-griekenland-2018","status":"publish","type":"page","link":"https:\/\/Peter.hegman.nl\/?page_id=4192","title":{"rendered":"Samenvatting Haarlem &#8211; Corfu Griekenland (2019)"},"content":{"rendered":"<p>Fietsvakantie van Haarlem naar Corfu een eiland in het noorden van Griekenland een tour door Nederland, Duitsland, Oostenrijk, Itali\u00eb, Sloveni\u00eb, Kroati\u00eb, Bosni\u00eb-Herzegovina, Montenegro, Albani\u00eb en Griekenland. Gefietst van 22 Juni tot 20 Juli 2019.<\/p><ul class=\"lcp_catlist\" id=\"lcp_instance_0\"><li><a href=\"https:\/\/Peter.hegman.nl\/?p=4196\">De Route naar Corfu<\/a> (6)  15 juni 2019<\/li><li><a href=\"https:\/\/Peter.hegman.nl\/?p=4324\">Dag 1: Haarlem naar Meerlo<\/a> (6)  22 juni 2019<\/li><li><a href=\"https:\/\/Peter.hegman.nl\/?p=4347\">Dag 2: Meerlo naar Schweinheim<\/a> (3)  23 juni 2019<\/li><li><a href=\"https:\/\/Peter.hegman.nl\/?p=4364\">Dag 3: Schweinheim naar Bingen-Kempten<\/a> (6)  24 juni 2019<\/li><li><a href=\"https:\/\/Peter.hegman.nl\/?p=4390\">Dag 4: Bingen-Kempten naar Eberbach<\/a> (6)  25 juni 2019<\/li><li><a href=\"https:\/\/Peter.hegman.nl\/?p=4410\">Dag 5: Eberbach naar Ellwangen<\/a> (4)  26 juni 2019<\/li><li><a href=\"https:\/\/Peter.hegman.nl\/?p=4432\">Dag 6: Ellwangen naar Muhlhausen<\/a> (10)  27 juni 2019<\/li><li><a href=\"https:\/\/Peter.hegman.nl\/?p=4459\">Dag 7: Muhlhausen naar Flintsbach am Inn<\/a> (6)  28 juni 2019<\/li><li><a href=\"https:\/\/Peter.hegman.nl\/?p=4480\">Dag 8: Flintsbach am Inn naar Wald im Pinzgau<\/a> (2)  29 juni 2019<\/li><li><a href=\"https:\/\/Peter.hegman.nl\/?p=4501\">Dag 9: Wald im Pinzgau naar Kolbnitz<\/a> (6)  30 juni 2019<\/li><li><a href=\"https:\/\/Peter.hegman.nl\/?p=4530\">Dag 10: Kolbnitz naar Lipce<\/a> (3)  1 juli 2019<\/li><li><a href=\"https:\/\/Peter.hegman.nl\/?p=4550\">Dag 11: Lipce naar Postojna<\/a> (4)  2 juli 2019<\/li><li><a href=\"https:\/\/Peter.hegman.nl\/?p=4573\">Dag 12: Postojna naar Sveti Juraj<\/a> (4)  3 juli 2019<\/li><li><a href=\"https:\/\/Peter.hegman.nl\/?p=4591\">Dag 13: Sveti Juraj naar Sveti Petar na Moru<\/a> (4)  4 juli 2019<\/li><li><a href=\"https:\/\/Peter.hegman.nl\/?p=4612\">Dag 14: Sveti Petar na Moru naar Split<\/a> (2)  5 juli 2019<\/li><li><a href=\"https:\/\/Peter.hegman.nl\/?p=4638\">Dag 15: Split naar Blace<\/a> (4)  6 juli 2019<\/li><li><a href=\"https:\/\/Peter.hegman.nl\/?p=4656\">Dag 16: Blace naar Zvekovica<\/a> (1)  7 juli 2019<\/li><li><a href=\"https:\/\/Peter.hegman.nl\/?p=4688\">Dag 17: Zvekovica naar Bar<\/a> (1)  8 juli 2019<\/li><li><a href=\"https:\/\/Peter.hegman.nl\/?p=4722\">Dag 18: Bar naar Durr\u00ebs<\/a> (0)  9 juli 2019<\/li><li><a href=\"https:\/\/Peter.hegman.nl\/?p=4739\">Dag 19: Durr\u00ebs naar Orikum<\/a> (6)  10 juli 2019<\/li><li><a href=\"https:\/\/Peter.hegman.nl\/?p=4761\">Dag 20: Orikum naar Lukov\u00eb<\/a> (4)  11 juli 2019<\/li><li><a href=\"https:\/\/Peter.hegman.nl\/?p=4787\">Dag 21: Lukov\u00eb naar Corfu<\/a> (8)  12 juli 2019<\/li><li><a href=\"https:\/\/Peter.hegman.nl\/?p=4807\">Ten Slotte<\/a> (4)  20 juli 2019<\/li><\/ul>\n\n\n<div class=\"gm-map\" style=\"position: relative;height: 200px; width: 200px;\"><iframe name=\"gm-map-1\" allowfullscreen src=\"https:\/\/Peter.hegman.nl\/?geo_mashup_content=render-map&amp;map_data_key=9dec370c668c22a09e48a55d2de5fbd5&amp;map_cat=18&amp;name=gm-map-1&amp;map_content=contextual&amp;error_comment=&lt;!-- Geo Mashup vond geen objecten om in kaart te brengen binnen deze context.--&gt;\" style=\"position: absolute; top: 0; left: 0; width: 100%; height: 100%; border: none; overflow: hidden;\"><\/iframe><\/div>\n\n\n<h2 id=\"tablepress-21-name\" class=\"tablepress-table-name tablepress-table-name-id-21\">Haarlem \u2013 Corfu Griekenland (2019)<\/h2>\n\n<table id=\"tablepress-21\" class=\"tablepress tablepress-id-21\" aria-labelledby=\"tablepress-21-name\">\n<thead>\n<tr class=\"row-1\">\n\t<th class=\"column-1\">Rit<\/th><th class=\"column-2\">Afstand<\/th><th class=\"column-3\">Bewogen<br \/>\nTijd HH:MM<\/th><th class=\"column-4\">Gem.<br \/>\nSnelheid<\/th><th class=\"column-5\">Max.<br \/>\nSnelheid<\/th><th class=\"column-6\">Hoogte<br \/>\nMeters<\/th><th class=\"column-7\">Gem.<br \/>\nTemp.<\/th><th class=\"column-8\">Max.<br \/>\nTemp.<\/th><th class=\"column-9\">Steps<br \/>\nNCaWT<\/th>\n<\/tr>\n<\/thead>\n<tbody class=\"row-striping row-hover\">\n<tr class=\"row-2\">\n\t<td class=\"column-1\"><a href=\"http:\/\/Peter.hegman.nl\/?p=4324\">Dag 1: Haarlem naar Meerlo<\/a><\/td><td class=\"column-2\">189<\/td><td class=\"column-3\">8:19<\/td><td class=\"column-4\">22.8<\/td><td class=\"column-5\">51.4<\/td><td class=\"column-6\">227<\/td><td class=\"column-7\">24<\/td><td class=\"column-8\">34<\/td><td class=\"column-9\">150628<\/td>\n<\/tr>\n<tr class=\"row-3\">\n\t<td class=\"column-1\"><a href=\"http:\/\/Peter.hegman.nl\/?p=4347\">Dag 2: Meerlo naar Schweinheim<\/a><\/td><td class=\"column-2\">173<\/td><td class=\"column-3\">8:20<\/td><td class=\"column-4\">20.4<\/td><td class=\"column-5\">33.5<\/td><td class=\"column-6\">541<\/td><td class=\"column-7\">28<\/td><td class=\"column-8\">40<\/td><td class=\"column-9\">142310<\/td>\n<\/tr>\n<tr class=\"row-4\">\n\t<td class=\"column-1\"><a href=\"http:\/\/Peter.hegman.nl\/?p=4364\">Dag 3: Schweinheim naar Bingen-Kempten<\/a><\/td><td class=\"column-2\">149<\/td><td class=\"column-3\">7:25<\/td><td class=\"column-4\">20.0<\/td><td class=\"column-5\">46.7<\/td><td class=\"column-6\">350<\/td><td class=\"column-7\">30<\/td><td class=\"column-8\">42<\/td><td class=\"column-9\">130355<\/td>\n<\/tr>\n<tr class=\"row-5\">\n\t<td class=\"column-1\"><a href=\"http:\/\/Peter.hegman.nl\/?p=4390\">Dag 4: Bingen-Kempten naar Eberbach<\/a><\/td><td class=\"column-2\">169<\/td><td class=\"column-3\">8:31<\/td><td class=\"column-4\">19.8<\/td><td class=\"column-5\">40.6<\/td><td class=\"column-6\">428<\/td><td class=\"column-7\">32<\/td><td class=\"column-8\">42<\/td><td class=\"column-9\">141832<\/td>\n<\/tr>\n<tr class=\"row-6\">\n\t<td class=\"column-1\"><a href=\"http:\/\/Peter.hegman.nl\/?p=4410\">Dag 5: Eberbach naar Ellwangen<\/a><\/td><td class=\"column-2\">166<\/td><td class=\"column-3\">8:34<\/td><td class=\"column-4\">19.4<\/td><td class=\"column-5\">46.9<\/td><td class=\"column-6\">833<\/td><td class=\"column-7\">33<\/td><td class=\"column-8\">44<\/td><td class=\"column-9\">126194<\/td>\n<\/tr>\n<tr class=\"row-7\">\n\t<td class=\"column-1\"><a href=\"http:\/\/Peter.hegman.nl\/?p=4432\">Dag 6: Ellwangen naar Muhlhausen<\/a><\/td><td class=\"column-2\">131<\/td><td class=\"column-3\">6:45<\/td><td class=\"column-4\">19.4<\/td><td class=\"column-5\">54.8<\/td><td class=\"column-6\">790<\/td><td class=\"column-7\">31<\/td><td class=\"column-8\">42<\/td><td class=\"column-9\">114974<\/td>\n<\/tr>\n<tr class=\"row-8\">\n\t<td class=\"column-1\"><a href=\"http:\/\/Peter.hegman.nl\/?p=4459\">Dag 7: Muhlhausen naar Flintsbach am Inn<\/a><\/td><td class=\"column-2\">153<\/td><td class=\"column-3\">7:31<\/td><td class=\"column-4\">20.3<\/td><td class=\"column-5\">54.3<\/td><td class=\"column-6\">759<\/td><td class=\"column-7\">28<\/td><td class=\"column-8\">41<\/td><td class=\"column-9\">123448<\/td>\n<\/tr>\n<tr class=\"row-9\">\n\t<td class=\"column-1\"><a href=\"http:\/\/Peter.hegman.nl\/?p=4480\">Dag 8: Flintsbach am Inn naar Wald im Pinzgau<\/a><\/td><td class=\"column-2\">122<\/td><td class=\"column-3\">7:18<\/td><td class=\"column-4\">16.6<\/td><td class=\"column-5\">45.4<\/td><td class=\"column-6\">1096<\/td><td class=\"column-7\">31<\/td><td class=\"column-8\">50<\/td><td class=\"column-9\">115634<\/td>\n<\/tr>\n<tr class=\"row-10\">\n\t<td class=\"column-1\"><a href=\"http:\/\/Peter.hegman.nl\/?p=4501\">Dag 9: Wald im Pinzgau naar Kolbnitz<\/a><\/td><td class=\"column-2\">136<\/td><td class=\"column-3\">7:22<\/td><td class=\"column-4\">18.4<\/td><td class=\"column-5\">51.8<\/td><td class=\"column-6\">1285<\/td><td class=\"column-7\">30<\/td><td class=\"column-8\">45<\/td><td class=\"column-9\">115099<\/td>\n<\/tr>\n<tr class=\"row-11\">\n\t<td class=\"column-1\"><a href=\"http:\/\/Peter.hegman.nl\/?p=4530\">Dag 10: Kolbnitz naar Lipce<\/a><\/td><td class=\"column-2\">137<\/td><td class=\"column-3\">6:53<\/td><td class=\"column-4\">19.9<\/td><td class=\"column-5\">51.9<\/td><td class=\"column-6\">675<\/td><td class=\"column-7\">31<\/td><td class=\"column-8\">42<\/td><td class=\"column-9\">114562<\/td>\n<\/tr>\n<tr class=\"row-12\">\n\t<td class=\"column-1\"><a href=\"http:\/\/Peter.hegman.nl\/?p=4550\">Dag 11: Lipce naar Postojna<\/a><\/td><td class=\"column-2\">134<\/td><td class=\"column-3\">7:22<\/td><td class=\"column-4\">18.2<\/td><td class=\"column-5\">47.0<\/td><td class=\"column-6\">1076<\/td><td class=\"column-7\">31<\/td><td class=\"column-8\">46<\/td><td class=\"column-9\">114061<\/td>\n<\/tr>\n<tr class=\"row-13\">\n\t<td class=\"column-1\"><a href=\"http:\/\/Peter.hegman.nl\/?p=4573\">Dag 12: Postojna naar Sveti Juraj<\/a><\/td><td class=\"column-2\">151<\/td><td class=\"column-3\">7:47<\/td><td class=\"column-4\">19.4<\/td><td class=\"column-5\">52.7<\/td><td class=\"column-6\">1516<\/td><td class=\"column-7\">35<\/td><td class=\"column-8\">49<\/td><td class=\"column-9\">116583<\/td>\n<\/tr>\n<tr class=\"row-14\">\n\t<td class=\"column-1\"><a href=\"http:\/\/Peter.hegman.nl\/?p=4591\">Dag 13: Sveti Juraj naar Sveti Petar na Moru<\/a><\/td><td class=\"column-2\">146<\/td><td class=\"column-3\">8:03<\/td><td class=\"column-4\">18.0<\/td><td class=\"column-5\">49.6<\/td><td class=\"column-6\">1403<\/td><td class=\"column-7\">34<\/td><td class=\"column-8\">46<\/td><td class=\"column-9\">119723<\/td>\n<\/tr>\n<tr class=\"row-15\">\n\t<td class=\"column-1\"><a href=\"http:\/\/Peter.hegman.nl\/?p=4612\">Dag 14: Sveti Petar na Moru naar Split<\/a><\/td><td class=\"column-2\">156<\/td><td class=\"column-3\">7:43<\/td><td class=\"column-4\">20.2<\/td><td class=\"column-5\">51.9<\/td><td class=\"column-6\">964<\/td><td class=\"column-7\">34<\/td><td class=\"column-8\">49<\/td><td class=\"column-9\">114004<\/td>\n<\/tr>\n<tr class=\"row-16\">\n\t<td class=\"column-1\"><a href=\"http:\/\/Peter.hegman.nl\/?p=4638\">Dag 15: Split naar Blace<\/a><\/td><td class=\"column-2\">121<\/td><td class=\"column-3\">6:01<\/td><td class=\"column-4\">20.6<\/td><td class=\"column-5\">46.1<\/td><td class=\"column-6\">946<\/td><td class=\"column-7\">36<\/td><td class=\"column-8\">45<\/td><td class=\"column-9\">109099<\/td>\n<\/tr>\n<tr class=\"row-17\">\n\t<td class=\"column-1\"><a href=\"http:\/\/Peter.hegman.nl\/?p=4656\">Dag 16: Blace naar Zvekovica<\/a><\/td><td class=\"column-2\">112<\/td><td class=\"column-3\">6:23<\/td><td class=\"column-4\">17.9<\/td><td class=\"column-5\">47.1<\/td><td class=\"column-6\">1245<\/td><td class=\"column-7\">34<\/td><td class=\"column-8\">47<\/td><td class=\"column-9\">102700<\/td>\n<\/tr>\n<tr class=\"row-18\">\n\t<td class=\"column-1\"><a href=\"http:\/\/Peter.hegman.nl\/?p=4688\">Dag 17: Zvekovica naar Bar<\/a><\/td><td class=\"column-2\">130<\/td><td class=\"column-3\">7:19<\/td><td class=\"column-4\">17.7<\/td><td class=\"column-5\">50.7<\/td><td class=\"column-6\">1431<\/td><td class=\"column-7\">36<\/td><td class=\"column-8\">47<\/td><td class=\"column-9\">108012<\/td>\n<\/tr>\n<tr class=\"row-19\">\n\t<td class=\"column-1\"><a href=\"http:\/\/Peter.hegman.nl\/?p=4722\">Dag 18: Bar naar Durr\u00ebs<\/a><\/td><td class=\"column-2\">167<\/td><td class=\"column-3\">7:54<\/td><td class=\"column-4\">21.2<\/td><td class=\"column-5\">35.0<\/td><td class=\"column-6\">749<\/td><td class=\"column-7\">32<\/td><td class=\"column-8\">43<\/td><td class=\"column-9\">120019<\/td>\n<\/tr>\n<tr class=\"row-20\">\n\t<td class=\"column-1\"><a href=\"http:\/\/Peter.hegman.nl\/?p=4739\">Dag 19: Durr\u00ebs naar Orikum<\/a><\/td><td class=\"column-2\">153<\/td><td class=\"column-3\">7:35<\/td><td class=\"column-4\">20.1<\/td><td class=\"column-5\">42.2<\/td><td class=\"column-6\">529<\/td><td class=\"column-7\">29<\/td><td class=\"column-8\">36<\/td><td class=\"column-9\">117836<\/td>\n<\/tr>\n<tr class=\"row-21\">\n\t<td class=\"column-1\"><a href=\"http:\/\/Peter.hegman.nl\/?p=4761\">Dag 20: Orikum naar Lukov\u00eb<\/a><\/td><td class=\"column-2\">90<\/td><td class=\"column-3\">6:20<\/td><td class=\"column-4\">14.3<\/td><td class=\"column-5\">49.6<\/td><td class=\"column-6\">2236<\/td><td class=\"column-7\">34<\/td><td class=\"column-8\">48<\/td><td class=\"column-9\">100273<\/td>\n<\/tr>\n<tr class=\"row-22\">\n\t<td class=\"column-1\"><a href=\"http:\/\/Peter.hegman.nl\/?p=4787\">Dag 21: Lukov\u00eb naar Corfu<\/a><\/td><td class=\"column-2\">112<\/td><td class=\"column-3\">5:48<\/td><td class=\"column-4\">19.3<\/td><td class=\"column-5\">53.1<\/td><td class=\"column-6\">798<\/td><td class=\"column-7\">33<\/td><td class=\"column-8\">42<\/td><td class=\"column-9\">116888<\/td>\n<\/tr>\n<tr class=\"row-23\">\n\t<td class=\"column-1\"><a href=\"http:\/\/Peter.hegman.nl\/?p=4807\">Week Corfu - Ten Slotte<\/a><\/td><td class=\"column-2\">423<\/td><td class=\"column-3\"><\/td><td class=\"column-4\"><\/td><td class=\"column-5\"><\/td><td class=\"column-6\">4980<\/td><td class=\"column-7\"><\/td><td class=\"column-8\"><\/td><td class=\"column-9\">447609<\/td>\n<\/tr>\n<\/tbody>\n<tfoot>\n<tr class=\"row-24\">\n\t<th class=\"column-1\">Totaal<\/th><th class=\"column-2\">3420<\/th><th class=\"column-3\">7:45<\/th><th class=\"column-4\">19.2<\/th><td class=\"column-5\"><\/td><th class=\"column-6\">24857<\/th><td class=\"column-7\"><\/td><td class=\"column-8\"><\/td><th class=\"column-9\">2961843<\/th>\n<\/tr>\n<\/tfoot>\n<\/table>\n<!-- #tablepress-21 from cache -->\n\n\n\n<h3 class=\"wp-block-heading\">De gefietste route:<\/h3>\n\n\n\n\n\n\t\t\t\t<div id=\"map_ol3js_1\" class=\"map undefined\" data-map_name=\"undefined\" data-map=\"map_ol3js_1\" style=\"width:100%; max-width:100%; height:450px; display:block; overflow:hidden;border:2px solid grey;\" >\n\t\t\t\t  <div id=\"map_ol3js_1_popup\" class=\"ol-popup\" >\n\t\t\t\t\t<a href=\"#\" id=\"map_ol3js_1_popup-closer\" class=\"ol-popup-closer\"><\/a>\n\t\t\t\t\t<div id=\"map_ol3js_1_popup-content\" ><\/div>\n\t\t\t\t  <\/div>\n\t\t\t\t<\/div>\n\t\t\t\n\n\t\t\t\t<script type=\"text\/javascript\">\n\t\t\t\t\ttranslations['openlayer'] = \"open layer\";\n\t\t\t\t\ttranslations['openlayerAtStartup'] = \"open layer at startup\";\n\t\t\t\t\ttranslations['generateLink'] = \"link to this map with opened layers\";\n\t\t\t\t\ttranslations['shortDescription'] = \"short description\";\n\t\t\t\t\ttranslations['generatedShortCode'] = \"to get a text control link paste this code in your wordpress editor\";\n\t\t\t\t\ttranslations['closeLayer'] = \"close layer\";\n\t\t\t\t\ttranslations['cantGenerateLink'] = \"put this string in the existing map short code to control this map\";\n\t\t\t  <\/script>\n\n\n\t\t\t  <script type=\"text\/javascript\">\n\t\t\t  vectorM['map_ol3js_1'] = [];\n\t        \n        var raster = getTileLayer(\"osm\",\"NoKey\");\t\t\t\n\n\t\t\t  var map_ol3js_1 = new ol.Map({\n\t\t\t\tinteractions: ol.interaction.defaults.defaults({mouseWheelZoom:false}),\n\t\t\t\tlayers: [raster],\n\t\t\t\ttarget: \"map_ol3js_1\",\n\t\t\t\tview: new ol.View({\n\t\t\t\t  center: ol.proj.transform([6.378,58.213], \"EPSG:4326\", \"EPSG:3857\"),\n\t\t\t\t  zoom: 9\n\t\t\t\t})\n\t\t\t  });\n\t\t\t  \n    var style0 = {\n      \"Point\": [new ol.style.Style({\n\n          image: new ol.style.Icon({\n            anchor: [0.5, 41],\n            anchorXUnits: \"fraction\",\n            anchorYUnits: \"pixels\",\n            opacity: 0.75,\n            src: \"https:\/\/Peter.hegman.nl\/wordpress\/wp-content\/plugins\/osm\/icons\/mic_blue_pinother_02.png\"\n          })\n      })],\n\n      \"LineString\": [new ol.style.Style({\n        stroke: new ol.style.Stroke({\n          color: \"blue\",\n          width: 8\n        })\n      })],\n      \"MultiLineString\": [new ol.style.Style({\n        stroke: new ol.style.Stroke({\n          color: \"blue\",\n          width: 4\n        })\n      })]\n    };\n\t\t  var vectorL0 = new ol.layer.Vector({\n\t\t\t\tsource: new ol.source.Vector({\n\t\t\t\turl:\"https:\/\/Peter.hegman.nl\/wordpress\/wp-content\/uploads\/gpx\/2019 - Corfu Cycled.gpx\",\n\t\t\t\tformat: new ol.format.GPX({\n\t\t\t\t\textractStyles: false\n\t\t\t\t})\n\t\t\t}),\n\t\t\tzIndex: 92,\n\t\t\tstyle: function(feature, resolution) {return style0[feature.getGeometry().getType()];}\n\t\t  });\n\t\t  map_ol3js_1.addLayer(vectorL0);\n      var extension1 = ol.extent.createEmpty();\n      var curZoom1 = map_ol3js_1.getView().getZoom();\n\n      map_ol3js_1.getLayers().forEach(function(layer){\n         if(!layer.get(\"id\")) {     \n            layer.once(\"change\", function(e){\n               ol.extent.extend(extension1, (layer.getSource().getExtent()));\n               map_ol3js_1.getView().fit(extension1, {padding: [50, 50, 50, 50]});\n            });\n         }\n      });\n\n    \naddControls2Map(map_ol3js_1,0,0,3,0,5,6,7,1,1);\nosm_addPopupClickhandler(map_ol3js_1,  \"map_ol3js_1\"); \nosm_addMouseHover(map_ol3js_1); <\/script>\n","protected":false},"excerpt":{"rendered":"<p>Het weekje in Corfu is me prima bevallen, hoewel mijn eerste overnachting niet de beste was.<br \/>\nNa aankomst in Corfu heb Ik heb eigenlijk gewoon gekeken naar een betaalbaar hotel\/pension bij de haven van Lefkimmi zonder het te weten beland je in Kavos een uitgaanscentrum voor Engelse jeugd. De volgende dag ben ik naar het noordwesten van Corfu (Paleokastritsa) gefietst. Daar een uitstekend appartement met mooi zwembad gevonden in de buurt van een aantal leuke Griekse restaurantjes. Ik heb in &hellip;<\/p>","protected":false},"author":1,"featured_media":0,"parent":0,"menu_order":0,"comment_status":"open","ping_status":"closed","template":"","meta":{"jetpack_post_was_ever_published":false,"footnotes":""},"class_list":["post-4192","page","type-page","status-publish","hentry"],"jetpack_sharing_enabled":true,"jetpack_likes_enabled":false,"_links":{"self":[{"href":"https:\/\/Peter.hegman.nl\/index.php?rest_route=\/wp\/v2\/pages\/4192","targetHints":{"allow":["GET"]}}],"collection":[{"href":"https:\/\/Peter.hegman.nl\/index.php?rest_route=\/wp\/v2\/pages"}],"about":[{"href":"https:\/\/Peter.hegman.nl\/index.php?rest_route=\/wp\/v2\/types\/page"}],"author":[{"embeddable":true,"href":"https:\/\/Peter.hegman.nl\/index.php?rest_route=\/wp\/v2\/users\/1"}],"replies":[{"embeddable":true,"href":"https:\/\/Peter.hegman.nl\/index.php?rest_route=%2Fwp%2Fv2%2Fcomments&post=4192"}],"version-history":[{"count":9,"href":"https:\/\/Peter.hegman.nl\/index.php?rest_route=\/wp\/v2\/pages\/4192\/revisions"}],"predecessor-version":[{"id":7995,"href":"https:\/\/Peter.hegman.nl\/index.php?rest_route=\/wp\/v2\/pages\/4192\/revisions\/7995"}],"wp:attachment":[{"href":"https:\/\/Peter.hegman.nl\/index.php?rest_route=%2Fwp%2Fv2%2Fmedia&parent=4192"}],"curies":[{"name":"wp","href":"https:\/\/api.w.org\/{rel}","templated":true}]}}